t of t?
0
Let b(a) = -5*a + 19. What is the tens digit of b(-18)?
0
Let i be (-126)/27*(-6)/7. Suppose 4*u + 2*m - 3*m - 20 = 0, i*u + m = 20. What is the units digit of u?
5
Let b = 3 + 0. Suppose -3*a = -b - 3. Suppose x - 27 + 78 = a*m, 3*x + 57 = 2*m. What is the tens digit of m?
2
Let x = -7043 - -10076. What is the thousands digit of x?
3
Let m = -85 + 321. What is the units digit of m?
6
Let x = -2075 + 3536. What is the thousands digit of x?
1
Let n = 6 + -3. Suppose 6 = n*l, -6*b - 135 = -9*b - 3*l. What is the units digit of b?
3
Let p be (-3)/((-9)/(-30)) - -2. Let m(h) = 58 + 69 - 112 - 3*h. What is the units digit of m(p)?
9
Suppose -2*a = 0, 5*a = -3*d + 724 - 187. What is the hundreds digit of d?
1
Let d(z) = 23*z**3 - 7*z**2 - 2*z - 3. What is the tens digit of d(2)?
4
Let y(x) = -x**3 + 15*x**2 - 18*x + 56. Let p be y(14). What is the tens digit of 1 - -50 - (-3)/(-15)*p?
5
Let r = -53 - -173. What is the hundreds digit of r?
1
What is the hundreds digit of 4 + 2339 + 3/(-12)*-4?
3
Let f(o) = 7*o**3 - 2*o**2. Let x be f(2). Let b(q) = -q**3 + q**2 + q - 29. Let y be b(0). Let a = y + x. What is the tens digit of a?
1
Suppose 1 = -w + 5. Suppose 4*m - 15 = -w*u + 5, 3*m = u - 13. Suppose 55 = -2*v + u*v. What is the tens digit of v?
1
Suppose 54 = 4*s - 4*j - 10, 3*s - 5*j = 48. Suppose -2*g + s = -68. What is the tens digit of g?
4
Suppose -24*j + 23*j + 2004 = 0. What is the hundreds digit of j?
0
Suppose 38*s - 17*s - 1911 = 0. What is the tens digit of s?
9
Suppose 9*h - 437 = 6673. What is the units digit of h?
0
Let p(r) = 5*r**3 + 24*r**2 + 19*r + 5. Let v(b) = 2*b**3 + 8*b**2 + 6*b + 2. Let t(u) = 3*p(u) - 8*v(u). What is the units digit of t(8)?
1
Suppose 8*b - 15*b + 9072 = 0. What is the hundreds digit of b?
2
Suppose 3*z - 370 = 5*c + z, -2*z = 4*c + 314. What is the units digit of 5 + -6 + (-2 - c)?
3
Let r(t) = t**3 - t**2 + t + 216. Let u be r(0). Suppose 3*c + u = 9*c. What is the tens digit of c?
3
Suppose -5*q + 24 = -1. Suppose 3 + 12 = q*b. Suppose b*t + t - 72 = 0. What is the tens digit of t?
1
Suppose -168 = -s - 5*g, -s + 39 = -3*g - 161. Let a = s + -100. What is the units digit of a?
8
Let j = -22 - -22. Suppose -3*d - 133 = -5*x + 152, j = 4*d - 20. What is the tens digit of x?
6
Suppose 0 = -3*g + 2*s - 4*s - 41, s - 51 = 4*g. Let p = 70 - g. What is the units digit of p?
3
Suppose -2*h = 4*c - 354, 4*c - 354 = -4*h - 10. Let z = 39 + c. What is the tens digit of z?
3
Let p(l) = 226*l**2 - 6*l + 8. What is the units digit of p(1)?
8
Suppose 665 = 6*o - 289. What is the hundreds digit of o?
1
Let u = -78 + 509. What is the tens digit of u?
3
Let s = -1397 + 2088. What is the hundreds digit of s?
6
Let z(s) = 20*s**3 - 13*s**3 - 68*s**3. What is the units digit of z(-1)?
1
Let r = 1667 - 423. What is the thousands digit of r?
1
Let b = 6246 + -4391. What is the units digit of b?
5
Let y(d) = 4*d - 1. Let h be y(4). Suppose -h = -2*v - 3*v. Suppose 0 = -v*q + 34 + 32. What is the units digit of q?
2
Suppose -b + 48 = 2*b. Let w = -54 - -92. Suppose n + 5*z = -b + w, 4*n - z = 46. What is the tens digit of n?
1
Let i(v) = -480*v - 446. What is the thousands digit of i(-11)?
4
Let q(d) = d**3 - 4*d**2 - 3*d + 5. Let x = 25 + -19. Suppose -4*w - 10 = -x*w. What is the units digit of q(w)?
5
Let d = 20 + -16. Suppose 0*l + d*l - 28 = 0. What is the units digit of l?
7
Let d = 8 - 3. Let q(j) = j + 1. Let r be q(9). What is the tens digit of r/(-25) + 52/d?
1
Let v(a) = 2*a + 3. Let f be v(0). Suppose 11 = f*j - 7. Let c = 14 + j. What is the units digit of c?
0
Let j(p) = -p**3 + 18*p**2 + 47*p - 13. What is the hundreds digit of j(19)?
5
Suppose -20*c - 167 = -4867. What is the hundreds digit of c?
2
Let h(v) = v**3 - 10*v**2 + 8*v + 1. Let m be h(9). Let j = m + 10. Suppose j*r - 20 - 36 = 0. What is the units digit of r?
8
Let r(t) = -2*t**3 - 10*t**2 + 24*t + 177. What is the tens digit of r(-10)?
3
Suppose -8*t + 44 - 4 = 0. Suppose 0 = 4*o + t*q - 84 - 737, -q + 5 = 0. What is the units digit of o?
9
Let d = -5 + 9. Suppose -c + 4*c = 3*y - 21, d = -2*c. Suppose -6*w = -2*a - 2*w + 54, -y*a - 5*w = -165. What is the tens digit of a?
3
Suppose -6*y + 11*y - 3*c - 22658 = 0, y - 4526 = 2*c. What is the hundreds digit of y?
5
Let c = -34 + 56. Suppose -4*l - 38 = -y, -c = -y - 4*l + 8. What is the units digit of y?
4
Let u be (-53)/2*(1 + 1). Let c = 138 + u. What is the tens digit of c?
8
Suppose 0 = -4*i - g + 18, 5*i = -0*i + 3*g + 14. Suppose 0 = i*h + 10 + 14. Let r(c) = -c + 5. What is the units digit of r(h)?
1
Let t(n) = -n**2 + 12*n - 4. Let a be t(11). Suppose -a*b + 490 = -0*b. What is the tens digit of b?
7
Let p = 2364 + -1376. What is the tens digit of p?
8
Let f be 8/6*(-27)/6. What is the units digit of 2/f + (-826)/(-21)?
9
Let l(o) = 2*o**2 - 15*o - 18. Let y be l(-14). Let s = -368 + y. What is the tens digit of s?
1
Let d = 133 - 33. Suppose 4*y = 3*c - 111 - d, -4*y + 272 = 4*c. What is the tens digit of c?
6
Let n be (-11)/((-22)/(-12))*(-2)/4. Suppose 4*w + 12 - 236 = 3*p, 0 = -5*p. Suppose n*z = -z + w. What is the units digit of z?
4
Let d = -243 - -1374. What is the thousands digit of d?
1
Let c = -40 - -45. Suppose 4*l + c*n = n + 4, -5*l - n = -17. What is the units digit of l?
4
Let l(i) = -53*i - 303. What is the hundreds digit of l(-33)?
4
What is the thousands digit of 6 - (-331)/(120/(-25) - -5)?
1
Let k(x) = -70*x - 8. Let w be k(-2). Suppose 5*i = 13 + w. What is the units digit of i?
9
Let j(p) = -2*p + 2*p + 8 - 3*p + 2*p. Let u be j(7). Suppose 0 = -4*i + 7 + u. What is the units digit of i?
2
Suppose -992 = -17*n + 13*n. Suppose -424 = -4*q + 4*y, -2*q + n = -4*y + 32. What is the units digit of q?
4
Let x(b) = 5*b**2 + 14*b - 23. What is the tens digit of x(-14)?
6
Suppose -15*v + 3617 = -9778. What is the units digit of v?
3
Let h(g) = 124*g**2 - 43*g + 181. What is the thousands digit of h(4)?
1
Suppose 4*b - 38 + 142 = 0. Let c = b - -29. What is the units digit of c?
3
Let j = 1108 - 115. What is the tens digit of j?
9
Let c = -334 + 462. What is the units digit of c?
8
Suppose 0 = -0*b - 6*b + 3408. What is the units digit of b?
8
Suppose 525*m - 539*m = -2422. What is the hundreds digit of m?
1
Suppose -778 = 21*t - 30073. What is the units digit of t?
5
Let w(t) = t**2 + 16*t + 20. Let b = 14 + -29. Let y be w(b). Suppose y*l - 2*l = 42. What is the tens digit of l?
1
What is the tens digit of (124/(-155))/((-1)/515)?
1
Let h = 9 + -16. Let l(b) = b**2 - 5*b - 8. Let o be l(h). Suppose -4*a = -8, 0*x - o = -3*x + 4*a. What is the units digit of x?
8
Suppose -10*t = -5*t - 25. What is the units digit of 21*t*(-18)/(-15)?
6
Suppose 0 = 4*p - 2*s - 5688, -79*p + 84*p = -2*s + 7128. What is the units digit of p?
4
Let b = 150 + 580. What is the tens digit of b?
3
Suppose 0 = -4*m + h + 2*h + 8, -8 = -4*m + h. Suppose 5*v = m*v + 12. Suppose i = -3*w + 94 + 53, -v*w - 5*i + 196 = 0. What is the tens digit of w?
4
Let b be (-3)/(-15) - 42/(-15). Let d = b + -14. Let y = 1 - d. What is the tens digit of y?
1
Let y(w) = w**3 - 13*w**2 + 10*w + 6. Let o be y(12). Let a = o - -20. Suppose 3*r - 137 = -5*d, a*d - 125 = -3*r - 0*d. What is the tens digit of r?
3
Let q(z) = -z**3 - 3*z**2 + 5*z + 9. Let i = 37 + -41. Let u be q(i). Suppose u*o + 38 = 6*o. What is the units digit of o?
8
Suppose 61*k - 73*k + 9756 = 0. What is the units digit of k?
3
Let j be (-10)/35 + 5/(-7). Let q(f) = 1640*f**2 + f + 1. Let c be q(j). What is the units digit of c/32 - 2/8?
1
Suppose 5*u + 0*u + 3 = -g, 0 = 4*g - 3*u - 11. Suppose g*z - 8 = z. What is the units digit of z?
8
Let n(y) = y**3 - 10*y**2 - 21*y + 37. Let i = -70 + 82. What is the units digit of n(i)?
3
Let v(l) = 427*l - 83. What is the thousands digit of v(4)?
1
Suppose 9*y - 10*y - 1 = 0. What is the hundreds digit of ((y - -1) + 2)/(-2) - -195?
1
Suppose -4*i = 62 - 22. Let h = -11 - i. What is the units digit of (h - 0)/(-1) + 21?
2
Let u(b) = -11*b + 7. Let s be u(-4). Let j = 1 + s. What is the units digit of j?
2
Suppose -318*x = -321*x + 1125. What is the hundreds digit of x?
3
Let m(o) = 17*o - 21. Let z be m(14). Suppose 35 + z = 4*t. What is the units digit of t?
3
Let b(d) = d**2 - 14*d + 14. Suppose -16 =